{"id":48,"date":"2023-06-04T14:09:56","date_gmt":"2023-06-04T12:09:56","guid":{"rendered":"https:\/\/sillages.info\/?page_id=48"},"modified":"2024-10-02T08:47:26","modified_gmt":"2024-10-02T06:47:26","slug":"ressources-sillages-info-en-economie-et-gestion","status":"publish","type":"page","link":"https:\/\/sillages.info\/index.php\/ressources-sillages-info-en-economie-et-gestion\/","title":{"rendered":"Nos ressources en \u00e9conomie et gestion"},"content":{"rendered":"\n<p>Nos ressources p\u00e9dagogiques en \u00e9conomie et gestion sont h\u00e9berg\u00e9es par AUNEGe, l\u2019Association des Universit\u00e9s pour le d\u00e9veloppement de l\u2019enseignement Num\u00e9rique en \u00c9conomie et Gestion. On y acc\u00e8de en cliquant sur les liens propos\u00e9s ci-dessous, ou par le moteur de recherche d\u2019<a href=\"https:\/\/aunege.fr\/\" target=\"_blank\" rel=\"noreferrer noopener\">AUNEGe<\/a>.<\/p>\n\n\n\n<h3 class=\"wp-block-heading\"><strong>Analyse financi\u00e8re<\/strong><\/h3>\n\n\n\n<p><a href=\"http:\/\/ressources.aunege.fr\/notice\/view\/aunege-561\" data-type=\"link\" data-id=\"http:\/\/ressources.aunege.fr\/notice\/view\/aunege-561\" target=\"_blank\" rel=\"noreferrer noopener\">Principes de l\u2019analyse financi\u00e8re dans l\u2019optique fonctionnelle<\/a> \u2013 CPGE et licences \u00e9conomiques et commerciales<\/p>\n\n\n\n<h3 class=\"wp-block-heading\"><strong>Comptabilit\u00e9 de gestion<\/strong><\/h3>\n\n\n\n<p>Pr\u00e9sentation en 7 chapitres \u2013 2\u00e8me ann\u00e9e de CPGE, voie ECT<\/p>\n\n\n\n<p><a href=\"http:\/\/ressources.aunege.fr\/notice\/view\/aunege-993\" data-type=\"link\" data-id=\"http:\/\/ressources.aunege.fr\/notice\/view\/aunege-993\" target=\"_blank\" rel=\"noreferrer noopener\">Chapitre 1 : D\u00e9finitions et objectifs de la comptabilit\u00e9 de gestion<\/a><\/p>\n\n\n\n<p><a href=\"http:\/\/ressources.aunege.fr\/notice\/view\/aunege-1005\" data-type=\"link\" data-id=\"http:\/\/ressources.aunege.fr\/notice\/view\/aunege-1005\" target=\"_blank\" rel=\"noreferrer noopener\">Chapitre 2 : Le mod\u00e8le des centres d\u2019analyse<\/a><\/p>\n\n\n\n<p><a href=\"http:\/\/ressources.aunege.fr\/notice\/view\/aunege-1003\" data-type=\"link\" data-id=\"http:\/\/ressources.aunege.fr\/notice\/view\/aunege-1003\" target=\"_blank\" rel=\"noreferrer noopener\">Chapitre 3 : Le mod\u00e8le des centres d\u2019analyse : la tenue des comptes de <\/a><a href=\"http:\/\/ressources.aunege.fr\/notice\/view\/aunege-1003\" data-type=\"link\" data-id=\"http:\/\/ressources.aunege.fr\/notice\/view\/aunege-1003\">stocks<\/a><\/p>\n\n\n\n<p><a href=\"http:\/\/ressources.aunege.fr\/notice\/view\/aunege-1001\" data-type=\"link\" data-id=\"http:\/\/ressources.aunege.fr\/notice\/view\/aunege-1001\" target=\"_blank\" rel=\"noreferrer noopener\">Chapitre 4 : Le calcul des co\u00fbts complets<\/a><\/p>\n\n\n\n<p><a href=\"http:\/\/ressources.aunege.fr\/notice\/view\/aunege-999\" data-type=\"link\" data-id=\"http:\/\/ressources.aunege.fr\/notice\/view\/aunege-999\" target=\"_blank\" rel=\"noreferrer noopener\">Chapitre 5 : Les co\u00fbts \u00e0 base d\u2019activit\u00e9s<\/a><\/p>\n\n\n\n<p><a href=\"http:\/\/ressources.aunege.fr\/notice\/view\/aunege-997\" data-type=\"link\" data-id=\"http:\/\/ressources.aunege.fr\/notice\/view\/aunege-997\" target=\"_blank\" rel=\"noreferrer noopener\">Chapitre 6 : Le co\u00fbt marginal<\/a><\/p>\n\n\n\n<p><a href=\"http:\/\/ressources.aunege.fr\/notice\/view\/aunege-995\" data-type=\"link\" data-id=\"http:\/\/ressources.aunege.fr\/notice\/view\/aunege-995\" target=\"_blank\" rel=\"noreferrer noopener\">Chapitre 7 : L\u2019imputation rationnelle des charges fixes<\/a><\/p>\n\n\n\n<h3 class=\"wp-block-heading\"><strong>Gestion et organisation du commerce<\/strong><\/h3>\n\n\n\n<p>Pr\u00e9sentation des 10 th\u00e8mes du cours \u2013 2\u00e8me ann\u00e9e de CPGE, voie ECT<\/p>\n\n\n\n<p><a href=\"http:\/\/ressources.aunege.fr\/notice\/view\/aunege-565\" data-type=\"link\" data-id=\"http:\/\/ressources.aunege.fr\/notice\/view\/aunege-565\" target=\"_blank\" rel=\"noreferrer noopener\">Th\u00e8me 1 : Les enjeux de la distribution<\/a><\/p>\n\n\n\n<p><a href=\"http:\/\/ressources.aunege.fr\/notice\/view\/aunege-979\" data-type=\"link\" data-id=\"http:\/\/ressources.aunege.fr\/notice\/view\/aunege-979\" target=\"_blank\" rel=\"noreferrer noopener\">Th\u00e8me 2 : La strat\u00e9gie de la distribution<\/a><\/p>\n\n\n\n<p><a href=\"http:\/\/ressources.aunege.fr\/notice\/view\/aunege-977\" data-type=\"link\" data-id=\"http:\/\/ressources.aunege.fr\/notice\/view\/aunege-977\" target=\"_blank\" rel=\"noreferrer noopener\">Th\u00e8me 3 : La fonction commerciale dans l\u2019entreprise<\/a><\/p>\n\n\n\n<p><a href=\"http:\/\/ressources.aunege.fr\/notice\/view\/aunege-975\" data-type=\"link\" data-id=\"http:\/\/ressources.aunege.fr\/notice\/view\/aunege-975\" target=\"_blank\" rel=\"noreferrer noopener\">Th\u00e8me 4 : Les technologies de l\u2019information et de la communication au service du commerce<\/a><\/p>\n\n\n\n<p><a href=\"http:\/\/ressources.aunege.fr\/notice\/view\/aunege-991\" data-type=\"link\" data-id=\"http:\/\/ressources.aunege.fr\/notice\/view\/aunege-991\" target=\"_blank\" rel=\"noreferrer noopener\">Th\u00e8me 5 : Le r\u00e9seau de distribution<\/a><\/p>\n\n\n\n<p><a href=\"http:\/\/ressources.aunege.fr\/notice\/view\/aunege-989\" data-type=\"link\" data-id=\"http:\/\/ressources.aunege.fr\/notice\/view\/aunege-989\" target=\"_blank\" rel=\"noreferrer noopener\">Th\u00e8me 6 : Les unit\u00e9s commerciales<\/a><\/p>\n\n\n\n<p><a href=\"http:\/\/ressources.aunege.fr\/notice\/view\/aunege-987\" data-type=\"link\" data-id=\"http:\/\/ressources.aunege.fr\/notice\/view\/aunege-987\" target=\"_blank\" rel=\"noreferrer noopener\">Th\u00e8me 7 : L\u2019\u00e9quipe commerciale<\/a><\/p>\n\n\n\n<p><a href=\"http:\/\/ressources.aunege.fr\/notice\/view\/aunege-985\" data-type=\"link\" data-id=\"http:\/\/ressources.aunege.fr\/notice\/view\/aunege-985\" target=\"_blank\" rel=\"noreferrer noopener\">Th\u00e8me 8 : Coh\u00e9rence et efficacit\u00e9 de la distribution<\/a><\/p>\n\n\n\n<p><a href=\"http:\/\/ressources.aunege.fr\/notice\/view\/aunege-983\" data-type=\"link\" data-id=\"http:\/\/ressources.aunege.fr\/notice\/view\/aunege-983\" target=\"_blank\" rel=\"noreferrer noopener\">Th\u00e8me 9 : La logistique commerciale<\/a><\/p>\n\n\n\n<p><a href=\"http:\/\/ressources.aunege.fr\/notice\/view\/aunege-981\" data-type=\"link\" data-id=\"http:\/\/ressources.aunege.fr\/notice\/view\/aunege-981\" target=\"_blank\" rel=\"noreferrer noopener\">Th\u00e8me 10 : La gestion des stocks<\/a><\/p>\n\n\n\n<h3 class=\"wp-block-heading\"><strong>Marketing sensoriel<\/strong><\/h3>\n\n\n\n<p>Pr\u00e9sent\u00e9 sous la forme d&#8217;un diaporama accompagn\u00e9 d&#8217;un texte \u2013 CPGE et licences \u00e9conomiques et commerciales<\/p>\n\n\n\n<p><a href=\"http:\/\/ressources.aunege.fr\/notice\/view\/aunege-971\" data-type=\"link\" data-id=\"http:\/\/ressources.aunege.fr\/notice\/view\/aunege-971\" target=\"_blank\" rel=\"noreferrer noopener\">Le marketing sensoriel, diaporama<\/a><\/p>\n\n\n\n<p><a href=\"http:\/\/ressources.aunege.fr\/notice\/view\/aunege-627\" data-type=\"link\" data-id=\"http:\/\/ressources.aunege.fr\/notice\/view\/aunege-627\" target=\"_blank\" rel=\"noreferrer noopener\">Le marketing sensoriel, texte de l\u2019expos\u00e9<\/a><\/p>\n","protected":false},"excerpt":{"rendered":"<p>Nos ressources p\u00e9dagogiques en \u00e9conomie et gestion sont h\u00e9berg\u00e9es par AUNEGe, l\u2019Association des Universit\u00e9s pour le d\u00e9veloppement de l\u2019enseignement Num\u00e9rique en \u00c9conomie et Gestion. On y acc\u00e8de en cliquant sur les liens propos\u00e9s ci-dessous, ou par le moteur de recherche d\u2019AUNEGe. Analyse financi\u00e8re Principes de l\u2019analyse financi\u00e8re dans l\u2019optique fonctionnelle \u2013 CPGE et licences \u00e9conomiques [&hellip;]<\/p>\n","protected":false},"author":1,"featured_media":0,"parent":0,"menu_order":0,"comment_status":"closed","ping_status":"closed","template":"","meta":{"footnotes":""},"class_list":["post-48","page","type-page","status-publish","hentry"],"_links":{"self":[{"href":"https:\/\/sillages.info\/index.php\/wp-json\/wp\/v2\/pages\/48","targetHints":{"allow":["GET"]}}],"collection":[{"href":"https:\/\/sillages.info\/index.php\/wp-json\/wp\/v2\/pages"}],"about":[{"href":"https:\/\/sillages.info\/index.php\/wp-json\/wp\/v2\/types\/page"}],"author":[{"embeddable":true,"href":"https:\/\/sillages.info\/index.php\/wp-json\/wp\/v2\/users\/1"}],"replies":[{"embeddable":true,"href":"https:\/\/sillages.info\/index.php\/wp-json\/wp\/v2\/comments?post=48"}],"version-history":[{"count":11,"href":"https:\/\/sillages.info\/index.php\/wp-json\/wp\/v2\/pages\/48\/revisions"}],"predecessor-version":[{"id":273,"href":"https:\/\/sillages.info\/index.php\/wp-json\/wp\/v2\/pages\/48\/revisions\/273"}],"wp:attachment":[{"href":"https:\/\/sillages.info\/index.php\/wp-json\/wp\/v2\/media?parent=48"}],"curies":[{"name":"wp","href":"https:\/\/api.w.org\/{rel}","templated":true}]}}